{"version":"1.0","provider_name":"Northwest Territories Timeline","provider_url":"https:\/\/www.nwttimeline.ca\/fr\/","title":"La visite du pape Jean-Paul II \u00e0 Fort Simpson - Northwest Territories Timeline","type":"rich","width":600,"height":338,"html":"<blockquote class=\"wp-embedded-content\" data-secret=\"g7UPtpIyMl\"><a href=\"https:\/\/www.nwttimeline.ca\/fr\/r\u00e9cits\/pope-john-paul-ii-visits-fort-simpson\/\">La visite du pape Jean-Paul II \u00e0 Fort Simpson<\/a><\/blockquote><iframe sandbox=\"allow-scripts\" security=\"restricted\" src=\"https:\/\/www.nwttimeline.ca\/fr\/r\u00e9cits\/pope-john-paul-ii-visits-fort-simpson\/embed\/#?secret=g7UPtpIyMl\" width=\"600\" height=\"338\" title=\"\u00ab\u00a0La visite du pape Jean-Paul II \u00e0 Fort Simpson\u00a0\u00bb &#8212; Northwest Territories Timeline\" data-secret=\"g7UPtpIyMl\" frameborder=\"0\" marginwidth=\"0\" marginheight=\"0\" scrolling=\"no\" class=\"wp-embedded-content\"><\/iframe><script type=\"text\/javascript\">\n\/* <![CDATA[ *\/\n\/*! This file is auto-generated *\/\n!function(d,l){\"use strict\";l.querySelector&&d.addEventListener&&\"undefined\"!=typeof URL&&(d.wp=d.wp||{},d.wp.receiveEmbedMessage||(d.wp.receiveEmbedMessage=function(e){var t=e.data;if((t||t.secret||t.message||t.value)&&!\/[^a-zA-Z0-9]\/.test(t.secret)){for(var s,r,n,a=l.querySelectorAll('iframe[data-secret=\"'+t.secret+'\"]'),o=l.querySelectorAll('blockquote[data-secret=\"'+t.secret+'\"]'),c=new RegExp(\"^https?:$\",\"i\"),i=0;i<o.length;i++)o[i].style.display=\"none\";for(i=0;i<a.length;i++)s=a[i],e.source===s.contentWindow&&(s.removeAttribute(\"style\"),\"height\"===t.message?(1e3<(r=parseInt(t.value,10))?r=1e3:~~r<200&&(r=200),s.height=r):\"link\"===t.message&&(r=new URL(s.getAttribute(\"src\")),n=new URL(t.value),c.test(n.protocol))&&n.host===r.host&&l.activeElement===s&&(d.top.location.href=t.value))}},d.addEventListener(\"message\",d.wp.receiveEmbedMessage,!1),l.addEventListener(\"DOMContentLoaded\",function(){for(var e,t,s=l.querySelectorAll(\"iframe.wp-embedded-content\"),r=0;r<s.length;r++)(t=(e=s[r]).getAttribute(\"data-secret\"))||(t=Math.random().toString(36).substring(2,12),e.src+=\"#?secret=\"+t,e.setAttribute(\"data-secret\",t)),e.contentWindow.postMessage({message:\"ready\",secret:t},\"*\")},!1)))}(window,document);\n\/\/# sourceURL=https:\/\/www.nwttimeline.ca\/wp-includes\/js\/wp-embed.min.js\n\/* ]]> *\/\n<\/script>\n","thumbnail_url":"https:\/\/www.nwttimeline.ca\/wp-content\/uploads\/2023\/01\/N-1995-002-7489-scaled.jpg","thumbnail_width":2560,"thumbnail_height":1707,"description":"L\u2019annonce de la visite du pape Jean-Paul\u00a0II aux Territoires du Nord-Ouest, \u00e0 l\u2019occasion de sa tourn\u00e9e canadienne de\u00a01984, met les fervents catholiques de la r\u00e9gion en liesse. Pour de nombreux autochtones qui partagent cette foi, la visite de leur guide spirituel repr\u00e9sente l\u2019\u00e9v\u00e9nement d\u2019une vie. La Nation d\u00e9n\u00e9e invite le pape \u00e0 se rendre dans [...]En savoir plus"}

La visite du pape Jean-Paul II à Fort Simpson - Northwest Territories Timeline

<blockquote class="wp-embedded-content" data-secret="g7UPtpIyMl"><a href="https://www.nwttimeline.ca/fr/récits/pope-john-paul-ii-visits-fort-simpson/">La visite du pape Jean-Paul II à Fort Simpson</a></blockquote><iframe sandbox="allow-scripts" security="restricted" src="https://www.nwttimeline.ca/fr/récits/pope-john-paul-ii-visits-fort-simpson/embed/#?secret=g7UPtpIyMl" width="600" height="338" title="« La visite du pape Jean-Paul II à Fort Simpson » &#8212; Northwest Territories Timeline" data-secret="g7UPtpIyMl" frameborder="0" marginwidth="0" marginheight="0" scrolling="no" class="wp-embedded-content"></iframe><script type="text/javascript">
/* <![CDATA[ */
/*! This file is auto-generated */
!function(d,l){"use strict";l.querySelector&&d.addEventListener&&"undefined"!=typeof URL&&(d.wp=d.wp||{},d.wp.receiveEmbedMessage||(d.wp.receiveEmbedMessage=function(e){var t=e.data;if((t||t.secret||t.message||t.value)&&!/[^a-zA-Z0-9]/.test(t.secret)){for(var s,r,n,a=l.querySelectorAll('iframe[data-secret="'+t.secret+'"]'),o=l.querySelectorAll('blockquote[data-secret="'+t.secret+'"]'),c=new RegExp("^https?:$","i"),i=0;i<o.length;i++)o[i].style.display="none";for(i=0;i<a.length;i++)s=a[i],e.source===s.contentWindow&&(s.removeAttribute("style"),"height"===t.message?(1e3<(r=parseInt(t.value,10))?r=1e3:~~r<200&&(r=200),s.height=r):"link"===t.message&&(r=new URL(s.getAttribute("src")),n=new URL(t.value),c.test(n.protocol))&&n.host===r.host&&l.activeElement===s&&(d.top.location.href=t.value))}},d.addEventListener("message",d.wp.receiveEmbedMessage,!1),l.addEventListener("DOMContentLoaded",function(){for(var e,t,s=l.querySelectorAll("iframe.wp-embedded-content"),r=0;r<s.length;r++)(t=(e=s[r]).getAttribute("data-secret"))||(t=Math.random().toString(36).substring(2,12),e.src+="#?secret="+t,e.setAttribute("data-secret",t)),e.contentWindow.postMessage({message:"ready",secret:t},"*")},!1)))}(window,document);
//# sourceURL=https://www.nwttimeline.ca/wp-includes/js/wp-embed.min.js
/* ]]> */
</script>

L’annonce de la visite du pape Jean-Paul II aux Territoires du Nord-Ouest, à l’occasion de sa tournée canadienne de 1984, met les fervents catholiques de la région en liesse. Pour de nombreux autochtones qui partagent cette foi, la visite de leur guide spirituel représente l’événement d’une vie. La Nation dénée invite le pape à se rendre dans [...]En savoir plus
